mon divisor of 57 and 1011?
3
What is the highest common divisor of 93881 and 1396?
349
What is the greatest common factor of 295678 and 1506?
502
Calculate the greatest common divisor of 28726 and 477.
53
What is the highest common factor of 58401 and 14?
7
What is the greatest common factor of 1111802 and 4?
2
Calculate the greatest common divisor of 3206 and 865162.
458
What is the highest common factor of 1653 and 135?
3
Calculate the highest common factor of 944 and 9971.
59
What is the highest common divisor of 11799 and 3496?
437
What is the highest common divisor of 835 and 220106?
167
Calculate the greatest common divisor of 25319 and 14.
7
Calculate the greatest common divisor of 1034 and 2794.
22
Calculate the greatest common divisor of 8843 and 11233.
239
What is the highest common divisor of 498597 and 609?
87
What is the greatest common factor of 2274 and 2898213?
1137
Calculate the greatest common divisor of 27417 and 10127.
247
What is the greatest common factor of 630976 and 832?
64
What is the greatest common factor of 153 and 269532?
9
What is the greatest common factor of 70 and 42580?
10
Calculate the highest common factor of 9576393 and 321.
321
Calculate the highest common divisor of 53 and 254453.
53
What is the greatest common divisor of 30070 and 50?
10
What is the highest common divisor of 9531 and 216?
27
What is the highest common factor of 744 and 552792?
744
What is the greatest common factor of 2368128 and 840?
168
Calculate the greatest common factor of 36 and 194553.
9
What is the highest common divisor of 255 and 276114?
51
Calculate the greatest common factor of 1593 and 5310.
531
Calculate the highest common divisor of 444 and 106486.
74
Calculate the greatest common factor of 2087325 and 36.
9
Calculate the highest common factor of 29061 and 243.
9
What is the highest common factor of 83441 and 4149?
461
What is the greatest common factor of 102883 and 94?
47
Calculate the highest common divisor of 6720 and 10220.
140
Calculate the greatest common factor of 12031 and 8692.
53
What is the highest common factor of 30 and 17100?
30
What is the highest common divisor of 1034 and 6270?
22
Calculate the greatest common divisor of 464409 and 1089.
99
Calculate the highest common divisor of 468 and 1903464.
36
Calculate the greatest common factor of 684460 and 140.
140
What is the greatest common factor of 1315 and 499963?
263
What is the highest common divisor of 36764 and 468?
52
What is the greatest common divisor of 12116 and 4?
4
What is the greatest common divisor of 528 and 37136?
176
What is the highest common divisor of 21024 and 234?
18
Calculate the highest common factor of 2352 and 432.
48
Calculate the greatest common divisor of 4284238 and 188.
94
What is the greatest common factor of 327020 and 498?
166
Calculate the highest common divisor of 298269 and 27.
27
Calculate the greatest common divisor of 74632 and 304.
152
Calculate the greatest common divisor of 320 and 1544.
8
What is the highest common factor of 6885 and 165?
15
Calculate the greatest common divisor of 3856 and 2728.
8
Calculate the highest common divisor of 12516 and 105.
21
What is the highest common factor of 24530 and 90?
10
What is the highest common divisor of 7965 and 5445?
45
Calculate the greatest common divisor of 3036 and 2403753.
759
Calculate the highest common divisor of 194 and 16739290.
194
What is the highest common divisor of 75458 and 232?
58
What is the highest common factor of 902 and 47146?
22
What is the highest common factor of 5460 and 12948?
156
What is the greatest common divisor of 446113 and 158?
79
What is the highest common divisor of 2298 and 802768?
766
What is the greatest common factor of 16 and 8464?
16
Calculate the highest common factor of 70 and 3992905.
35
What is the greatest common divisor of 306 and 125358?
102
What is the greatest common divisor of 15 and 130245?
15
What is the highest common divisor of 103697 and 1694?
121
Calculate the highest common factor of 606 and 24.
6
What is the greatest common divisor of 22 and 358?
2
What is the highest common factor of 9935 and 35?
5
Calculate the highest common divisor of 16 and 91024.
16
What is the highest common factor of 2480 and 69285?
155
What is the highest common factor of 169 and 4615?
13
Calculate the greatest common divisor of 30 and 235605.
15
What is the greatest common divisor of 2708 and 7?
1
What is the highest common factor of 95301 and 18?
9
Calculate the highest common factor of 36576 and 176403.
381
Calculate the highest common divisor of 6 and 12480.
6
What is the highest common divisor of 237247 and 134?
67
What is the greatest common factor of 15318 and 54612?
666
Calculate the highest common factor of 1821 and 19424.
607
What is the highest common divisor of 38 and 259502?
38
Calculate the highest common divisor of 734 and 682253.
367
What is the highest common divisor of 1 and 18889?
1
What is the highest common divisor of 3 and 4008?
3
What is the highest common divisor of 12834 and 4554?
414
What is the highest common factor of 1268 and 11?
1
What is the highest common divisor of 4312 and 148544?
88
Calculate the highest common divisor of 634 and 1585.
317
What is the greatest common divisor of 90 and 73125?
45
What is the greatest common divisor of 6 and 551520?
6
Calculate the highest common factor of 18336 and 216.
24
What is the greatest common divisor of 1302 and 280023?
93
What is the greatest common divisor of 1711 and 3190?
29
What is the greatest common divisor of 248 and 61535?
31
What is the highest common factor of 6943 and 11397?
131
What is the highest common divisor of 1133 and 699061?
1133
Calculate the greatest common factor of 2558 and 2840659.
1279
Calculate the greatest common divisor of 154 and 572726.
154
What is the greatest common factor of 151087 and 69?
23
What is the highest common factor of 3756 and 908?
4
What is the greatest common divisor of 66034 and 4338?
482
Calculate the highest common divisor of 1245144 and 609.
87
Calculate the highest common factor of 249790 and 10.
10
Calculate the highest common divisor of 7970 and 170.
10
Calculate the highest common divisor of 1620 and 3180.
60
What is the highest common factor of 90246 and 178?
178
What is the greatest common factor of 26 and 121654?
26
Calculate the highest common factor of 417062 and 604.
302
Calculate the highest common factor of 356 and 96120.
356
Calculate the greatest common divisor of 632 and 32153.
79
What is the greatest common factor of 319 and 19633?
29
Calculate the highest common divisor of 24583 and 747799.
793
What is the highest common factor of 35 and 406190?
5
What is the greatest common factor of 6536 and 8?
8
Calculate the highest common divisor of 10044 and 50468.
124
What is the highest common divisor of 30280 and 640?
40
What is the highest common factor of 278904 and 24?
24
Calculate the greatest common factor of 53015 and 805.
115
Calculate the greatest common divisor of 3931968 and 36.
12
What is the greatest common divisor of 25638 and 702?
6
Calculate the greatest common divisor of 923 and 2119.
13
What is the highest common factor of 123 and 1478501?
41
What is the greatest common factor of 6160 and 652400?
560
Calculate the greatest common divisor of 1158 and 351646.
386
Calculate the highest common divisor of 18218 and 8.
2
Calculate the highest common divisor of 2689874 and 44.
22
Calculate the greatest common divisor of 214 and 8453.
107
What is the highest common factor of 2 and 14426?
2
What is the greatest common divisor of 822458 and 1456?
182
What is the highest common divisor of 234 and 159102?
18
Calculate the highest common factor of 10825 and 100.
25
What is the greatest common divisor of 97050 and 107402?
1294
Calculate the greatest common divisor of 60 and 1674348.
12
What is the greatest common divisor of 135 and 4617?
27
What is the highest common divisor of 128 and 714336?
32
What is the greatest common divisor of 549 and 954?
9
Calculate the highest common factor of 15015 and 210.
105
What is the greatest common factor of 2349 and 7917?
87
Calculate the greatest common factor of 5072 and 1902.
634
What is the greatest common divisor of 15642 and 6138?
198
What is the greate